**3 + j + 53. What is the remainder when d(0) is divided by l?
17
Suppose 56 = 3*h + 14. Let n = h - 11. Calculate the remainder when n is divided by 2.
1
Let m(t) = 7*t + 4. Let x(y) = -6*y - 4. Let h(f) = -5*m(f) - 6*x(f). Calculate the remainder when h(4) is divided by 3.
2
Let t be (136/(-6))/(6/(-18)). Suppose 5*c = 82 + t. Calculate the remainder when c is divided by 16.
14
Let t be 2/(-2)*(-9)/9. Suppose 4*s + 64 = 4*j, 3*j = -2*s + 24 - t. What is the remainder when j is divided by (-4)/(1/(2 - 3))?
3
Let t = 10 - 5. Suppose -5*q - 11 = 3*n, -q + 8 + 1 = -t*n. Let f = 4 + n. Calculate the remainder when 2 is divided by f.
0
Let a(t) = 2*t + 25. What is the remainder when 2 is divided by a(-12)?
0
Let q(d) = 4*d + 1. Let l(x) = 3*x + 1. Let t(s) = 3*l(s) - 2*q(s). Calculate the remainder when 39 is divided by t(9).
9
Let l(h) = -7*h - 1. Let s be l(4). Let u = s - -72. What is the remainder when u is divided by 15?
13
Let l = 2 - -1. Suppose -l*v + 72 = 3. Let h = 7 + 1. What is the remainder when v is divided by h?
7
Let p(y) = y**2 + y - 3. Calculate the remainder when 13 is divided by p(-4).
4
Suppose 3*u - 1 - 2 = 0. Suppose 3*a - 36 = 4*t - 0, 2*a - 23 = 3*t. Calculate the remainder when a is divided by 4 + -2 + u - -6.
7
Suppose 0 = -3*j + 207 + 207. What is the remainder when j is divided by 28?
26
Suppose 4*z + 1285 = -459. Let o = z + 1044. Calculate the remainder when o/18 + 4/18 is divided by 12.
10
Calculate the remainder when 84 is divided by -1 + (-5)/(-1) - -25.
26
Let h = 7 + 4. Calculate the remainder when 65 is divided by h.
10
Let i(j) = -j**3 - 11*j**2 - 14*j - 18. Calculate the remainder when i(-10) is divided by 8.
6
Let a = 4 - -4. What is the remainder when 23 is divided by 70/a - (-3)/12?
5
Let z(v) = 14*v - 2. Let h be z(-2). Let q be (2*1)/((-5)/h). Suppose k - 2*k = -q. Calculate the remainder when 35 is divided by k.
11
Let h = 149 + -126. Calculate the remainder when 91 is divided by h.
22
Let h = -37 + 54. What is the remainder when 63 is divided by h?
12
Let w = 43 - 33. Suppose -4*i + 18 - 2 = 0. What is the remainder when w is divided by i?
2
Let m = -12 - -27. Suppose -11 = -u + 2. Suppose 100 = 3*l + u. What is the remainder when l is divided by m?
14
Let k(w) = -w**2 + 4*w - 2. Let r be k(12). Let a = -67 - r. What is the remainder when a is divided by 17?
14
Suppose -5*r = 3*r - 648. Suppose -4*f - 188 = 4*b, f + 3*f + 136 = -3*b. Let a = r + b. Calculate the remainder when a is divided by 10.
9
Let f(w) = -w + 6. Let n be f(5). Suppose 2*m = 15 + n. Let u = 5 + m. What is the remainder when u is divided by 5?
3
Let g = 323 - 230. What is the remainder when g is divided by 24?
21
Suppose 3*m - 2*m - 5*h - 16 = 0, -2*h = 0. Let p(y) = y**2 + 2*y + 6. Calculate the remainder when m is divided by p(0).
4
Let t = 16 + 18. Calculate the remainder when t is divided by 12.
10
Suppose -5*b = -3*i - 155, b - 165 = -4*b + i. What is the remainder when b is divided by 7?
6
Let a = 17 + 5. What is the remainder when ((-8)/(-14))/((-19)/(-2128)) is divided by a?
20
Suppose 6 = 2*g - 10. Calculate the remainder when g is divided by 4.
0
Suppose -9*v + 286 = 2*v. What is the remainder when 49 is divided by v?
23
Let q = -193 + 292. What is the remainder when q is divided by 20?
19
Let p(c) = 31*c**2 - 9*c - 5. Calculate the remainder when p(-2) is divided by 23.
22
Suppose -2*p - 10 = 0, -p + 5*p = -v - 16. Suppose 4*d + 54 = 3*n + 3*d, -v*n + 70 = -2*d. What is the remainder when n is divided by 7?
5
Let y be (-1 + 3 - 2)*-1. Suppose y*w = 2*w - 16. Calculate the remainder when 23 is divided by w.
7
Let h(t) = 19*t - 2. Suppose n = -3*m + 6*n + 14, -n + 5 = 0. What is the remainder when h(2) is divided by m?
10
Suppose 22*f - 17*f = 40. Calculate the remainder when f is divided by 2.
0
Let c(p) = -p**2 + p - 5. Let t be c(0). What is the remainder when (-224)/(-10) - 3/t is divided by (-152)/(-12) + (-4)/6?
11
Suppose -2*f - 3*f - 2*m = -236, 3*f - 2*m = 148. Calculate the remainder when f is divided by 13.
9
Suppose 5*u = -34 + 99. Calculate the remainder when 23 is divided by u.
10
Calculate the remainder when ((-1)/(-1))/((-2)/(-14)) is divided by 2.
1
Let o(y) = -y**3 - 9*y**2 + 2*y + 9. Let g be o(-9). Let p = g + 12. What is the remainder when 5 is divided by p?
2
Suppose -5*u + 12 + 18 = 0. Calculate the remainder when 23 is divided by u.
5
Let s = 0 - -2. Suppose 0*k + 38 = 2*k. Calculate the remainder when k is divided by 2 + -7 + s + 13.
9
Let r(y) = y**2 + 9*y + 11. What is the remainder when 7 is divided by r(-8)?
1
Suppose 4*t - 6 = 14. Suppose -41 = -t*q + 29. Calculate the remainder when 41 is divided by q.
13
Let j(o) = -o - 7. Let u be j(-10). Suppose 4*r - u - 5 = 0. What is the remainder when (-2)/(1/((-2)/1)) is divided by r?
0
Suppose -4*b - 3*t + 187 = 0, 4*t + 210 = 5*b + 3*t. Calculate the remainder when b is divided by 11.
10
Let d = -4 - -6. Suppose 7 = -d*h + 59. Calculate the remainder when h is divided by 9.
8
Let t be (1 - (-1)/(-2))*-4. Let c be ((-24)/9)/4*3. What is the remainder when 25 is divided by 10 - t/(c + 0)?
7
What is the remainder when -1 + 3 - 1*196/(-7) is divided by 8?
6
Suppose 181 = 3*j + l, 0*j - j + 3*l + 67 = 0. Let x = j - 39. Calculate the remainder when 64 is divided by x.
20
Let j be (2/(-3))/((-5)/15). Suppose -5*n = -2*a + 44 + 36, 4*a = -j*n + 112. What is the remainder when a is divided by 8?
6
Suppose -2*y = 2*n - 3*y, -2*n = -3*y. Let k(x) = 11*x**2 + 0 + n - 1. What is the remainder when 28 is divided by k(1)?
8
Suppose -17 = o - 5*h, h = -o + 2*o + 9. Let c(q) = -q**2 - 8*q - 3. Calculate the remainder when 11 is divided by c(o).
3
Let c(a) = -a**2 - 10*a - 7. Suppose 2*h + 28 = -2*h. What is the remainder when c(h) is divided by 8?
6
Suppose -4*c - 42 = 4*t - t, 4*t = -3*c - 56. Let n be 26/t + (-7)/49. Let j = n + 8. Calculate the remainder when 22 is divided by j.
4
What is the remainder when 4/(-14) - (-96)/42 is divided by 2?
0
Let b(i) = -i**3 - 3*i**2 + 1. Let r be b(-3). Calculate the remainder when 39 is divided by 14 - (3 - (2 + r)).
11
Let q(l) = 2*l**2 + 8*l - 6. Suppose 3*r = -m + 153, -5*r + 0*m = m - 257. What is the remainder when r is divided by q(-6)?
16
Suppose 2*n + 3*p - 127 = 0, -2*n = -p - 12 - 127. What is the remainder when n is divided by 10?
8
Let c be (1 + 2)*37/3. Suppose 2*b = c + 39. What is the remainder when b is divided by (-38)/(-3) + (-1)/(-3)?
12
Let g = -7 - -15. Let w = 47 + -24. Calculate the remainder when w is divided by g.
7
Calculate the remainder when 38 is divided by 4 + (-11)/(-2) - 2/(-4).
8
Suppose 0*h + 4*g + 64 = 5*h, 2*h = -g + 36. Let z = -10 + h. What is the remainder when 10 is divided by z?
4
Suppose 0 = -3*q + 4*v + 24, 26 - 3 = 5*q - v. Suppose 0 = 6*w - 2*w - 24. Calculate the remainder when w is divided by q.
2
Let y(k) = k - 5. Let p(j) = -j**2 + 7*j - 5. Let a be p(4). Let f be y(a). Let d(r) = 2*r**3. Calculate the remainder when d(f) is divided by 9.
7
Let a(w) = 2*w + 10. Calculate the remainder when a(10) is divided by 2 - 1 - (3 - 13).
8
Let k = 3 - 2. Let p = 7 + k. Let h = -11 - -16. What is the remainder when p is divided by h?
3
Let u = 38 - 3. Let k be 32/10 - 2/10. Suppose -2*c + k + 21 = 0. What is the remainder when u is divided by c?
11
Let u(z) = -3*z - 5. Let b = -13 - -5. What is the remainder when 56 is divided by u(b)?
18
Suppose -2*c + 18 + 8 = 4*t, -5*c + 4*t = -51. Calculate the remainder when c is divided by 5.
1
Suppose 4 = w + k, 4*w = -2*k + 20 - 0. Calculate the remainder when 2 + -5 + -1 + 21 is divided by w.
5
Let l = 36 + -24. Suppose -3*m + 52 = -k, 3*k - 4*k - 1 = 0. What is the remainder when (-67)/(-2) - l/8 is divided by m?
15
Let m be (-5)/((-20)/(-8))*11. Let n = -17 - m. Calculate the remainder when 9 is divided by n.
4
Let s be (-4)/2*6/12. Let a(r) = 19*r**2 + 1. What is the remainder when a(s) is divided by 7?
6
Let b(g) = g**2 + g + 1. Let d(y) = y**2 + 2*y + 3. Let t(m) = 4*b(m) - d(m). Let s be 3/(-9)*(-3 + 12). What is the remainder when t(s) is divided by 12?
10
Let y = -4 + 0. Let l(c) = c**3 + 5*c**2 + c + 4. Let k be l(y). Let s = 32 - k. Calculate the remainder when 46 is divided by s.
14
Suppose -2*w = 4*b + 68, 2*w + 3*w = 5*b - 245. 